 by 28.
13
Calculate the remainder when 3987 is divided by 18.
9
What is the remainder when 173 is divided by 44?
41
What is the remainder when 2356 is divided by 18?
16
Calculate the remainder when 87 is divided by 11.
10
What is the remainder when 217 is divided by 11?
8
Calculate the remainder when 301 is divided by 17.
12
Calculate the remainder when 104 is divided by 54.
50
Calculate the remainder when 221 is divided by 28.
25
Calculate the remainder when 162 is divided by 22.
8
What is the remainder when 178 is divided by 17?
8
What is the remainder when 171 is divided by 8?
3
Calculate the remainder when 112 is divided by 48.
16
What is the remainder when 11900 is divided by 12?
8
Calculate the remainder when 1400 is divided by 12.
8
Calculate the remainder when 426 is divided by 37.
19
What is the remainder when 146 is divided by 52?
42
What is the remainder when 147 is divided by 10?
7
What is the remainder when 152 is divided by 49?
5
What is the remainder when 1479 is divided by 38?
35
What is the remainder when 178 is divided by 15?
13
Calculate the remainder when 93 is divided by 13.
2
What is the remainder when 55 is divided by 12?
7
What is the remainder when 1566 is divided by 492?
90
What is the remainder when 49 is divided by 31?
18
Calculate the remainder when 171 is divided by 35.
31
Calculate the remainder when 665 is divided by 111.
110
Calculate the remainder when 1494 is divided by 11.
9
What is the remainder when 2993 is divided by 14?
11
Calculate the remainder when 400 is divided by 207.
193
What is the remainder when 100 is divided by 28?
16
What is the remainder when 443 is divided by 5?
3
What is the remainder when 1034 is divided by 93?
11
Calculate the remainder when 307 is divided by 28.
27
What is the remainder when 3260 is divided by 219?
194
Calculate the remainder when 65 is divided by 14.
9
Calculate the remainder when 511 is divided by 16.
15
What is the remainder when 218 is divided by 5?
3
Calculate the remainder when 752 is divided by 124.
8
What is the remainder when 2519 is divided by 90?
89
What is the remainder when 60339 is divided by 19?
14
What is the remainder when 471 is divided by 59?
58
Calculate the remainder when 955 is divided by 160.
155
Calculate the remainder when 334 is divided by 150.
34
Calculate the remainder when 598 is divided by 100.
98
What is the remainder when 284 is divided by 96?
92
Calculate the remainder when 1322 is divided by 189.
188
Calculate the remainder when 121 is divided by 21.
16
Calculate the remainder when 490 is divided by 45.
40
Calculate the remainder when 1305 is divided by 641.
23
What is the remainder when 221 is divided by 49?
25
Calculate the remainder when 466 is divided by 88.
26
Calculate the remainder when 900 is divided by 101.
92
Calculate the remainder when 952 is divided by 73.
3
Calculate the remainder when 415 is divided by 316.
99
What is the remainder when 403 is divided by 138?
127
Calculate the remainder when 484 is divided by 61.
57
Calculate the remainder when 50 is divided by 18.
14
What is the remainder when 376 is divided by 214?
162
What is the remainder when 43 is divided by 17?
9
Calculate the remainder when 502 is divided by 85.
77
Calculate the remainder when 94 is divided by 73.
21
Calculate the remainder when 500 is divided by 209.
82
What is the remainder when 744 is divided by 33?
18
What is the remainder when 162 is divided by 37?
14
What is the remainder when 246 is divided by 65?
51
Calculate the remainder when 210 is divided by 94.
22
Calculate the remainder when 494 is divided by 62.
60
What is the remainder when 101 is divided by 59?
42
Calculate the remainder when 266 is divided by 89.
88
Calculate the remainder when 13940 is divided by 84.
80
Calculate the remainder when 162 is divided by 33.
30
What is the remainder when 17339 is divided by 46?
43
Calculate the remainder when 229 is divided by 93.
43
Calculate the remainder when 46 is divided by 5.
1
What is the remainder when 847 is divided by 6?
1
Calculate the remainder when 365 is divided by 12.
5
Calculate the remainder when 75 is divided by 29.
17
What is the remainder when 157 is divided by 59?
39
Calculate the remainder when 161 is divided by 154.
7
Calculate the remainder when 2122 is divided by 57.
13
Calculate the remainder when 259 is divided by 31.
11
What is the remainder when 1148 is divided by 96?
92
Calculate the remainder when 1215 is divided by 16.
15
What is the remainder when 158 is divided by 15?
8
Calculate the remainder when 1991 is divided by 497.
3
Calculate the remainder when 1410 is divided by 83.
82
Calculate the remainder when 42117 is divided by 36.
33
Calculate the remainder when 1184 is divided by 333.
185
What is the remainder when 440 is divided by 140?
20
What is the remainder when 445 is divided by 93?
73
Calculate the remainder when 347 is divided by 87.
86
What is the remainder when 292 is divided by 78?
58
Calculate the remainder when 503 is divided by 18.
17
What is the remainder when 5031 is divided by 105?
96
What is the remainder when 245 is divided by 78?
11
What is the remainder when 3932 is divided by 14?
12
Calculate the remainder when 2160 is divided by 17.
1
Calculate the remainder when 127 is divided by 10.
7
What is the remainder when 269 is divided by 39?
35
Calculate the remainder when 361 is divided by 33.
31
Calculate the remainder when 25 is divided by 6.
1
Calculate the remainder when 29 is divided by 18.
11
Calculate the remainder when 415 is divided by 85.
75
Calculate the remainder when 4318 is divided by 18.
16
Calculate the remainder when 757 is divided by 22.
9
What is the remainder when 214 is divided by 45?
34
What is the remainder when 137 is divided by 12?
5
What is the remainder when 8934 is divided by 17?
9
What is the remainder when 4694 is divided by 53?
30
Calculate the remainder when 161 is divided by 94.
67
Calculate the remainder when 261 is divided by 33.
30
Calculate the remainder when 255 is divided by 29.
23
Calculate the remainder when 124 is divided by 3.
1
What is the remainder when 15 is divided by 15?
0
What is the remainder when 191 is divided by 41?
27
Calculate the remainder when 1400 is divided by 9.
5
What is the remainder when 768 is divided by 35?
33
What is the remainder when 2558 is divided by 9?
2
What is the remainder when 1015 is divided by 208?
183
Calculate the remainder when 1025 is divided by 333.
26
Calculate the remainder when 4133 is divided by 13.
12
What is the remainder when 502 is divided by 264?
238
What is the remainder when 427 is divided by 89?
71
What is the remainder when 10769 is divided by 21?
17
What is the remainder when 72 is divided by 37?
35
What is the remainder when 3265 is divided by 82?
67
Calculate the remainder when 85 is divided by 31.
23
What is the remainder when 629 is divided by 113?
64
What is the remainder when 539 is divided by 34?
29
What is the remainder when 436 is divided by 111?
103
Calculate the remainder when 514 is divided by 169.
7
What is the remainder when 204 is divided by 39?
9
What is the remainder when 1187 is divided by 29?
27
What is the remainder when 26 is divided by 14?
12
What is the remainder when 8373 is divided by 142?
137
Calculate the remainder when 100 is divided by 33.
1
What is the remainder when 84 is divided by 66?
18
What is the remainder when 117 is divided by 60?
57
What is the remainder when 91 is divided by 78?
13
Calculate the remainder when 2175 is divided by 66.
63
What is the remainder when 685 is divided by 9?
1
What is the remainder when 285 is divided by 42?
33
What is the remainder when 414 is divided by 47?
38
Calculate the remainder when 168 is divided by 164.
4
What is the remainder when 358 is divided by 189?
169
What is the remainder when 591 is divided by 27?
24
Calculate the remainder when 32642 is divided by 28.
22
Calculate the remainder when 185 is divided by 57.
14
Calculate the remainder when 729 is divided by 101.
22
What is the remainder when 2524 is divided by 6?
4
Calculate the remainder when 89 is divided by 7.
5
What is the remainder when 132 is divided by 46?
40
What is the remainder when 513 is divided by 136?
105
What is the remainder when 47 is divided by 10?
7
Wh